5*i + 4593 = 0, -19*o - 4*i - 3062 = -21*o. What is the thousands digit of o?
1
Suppose 4*v - 5*t = -43, 0 = -2*v - t - 2 - 9. Let c = -23 + v. Let f = 51 + c. What is the units digit of f?
1
What is the hundreds digit of 2/6 - 8652/(-18)?
4
Suppose 2*g = 2*s + 2034, 5079 = -7*g + 12*g - 2*s. What is the hundreds digit of g?
0
Let m = -11 + 14. Let f = 0 + m. Let i = 11 - f. What is the units digit of i?
8
Let u(g) = -16*g - 15 + 2*g**3 + 13*g**2 - g**3 + 0*g**3. Let b(p) = -p**2 - 17*p - 74. Let h be b(-12). What is the units digit of u(h)?
3
Suppose -g = -5, -4*r + 4*g - 140 = -9*r. Let v = r + 97. What is the units digit of v?
1
What is the hundreds digit of (-4)/((-12)/1737) - 10/(-5)?
5
Let z = -15 + 17. Let f = 5 - z. What is the units digit of 362/14 - f/(-21)?
6
Suppose 2*d - 14 = -g - 2*d, 0 = -g + d - 1. Let z(f) = -8*f - 24 + f**g + 0*f + 19. What is the units digit of z(9)?
4
Let k(j) = -13*j - 59. What is the hundreds digit of k(-21)?
2
Suppose -5*i + 195 = 5*o, o - 4*i - 43 = -9*i. Suppose v - 4 = -o. What is the units digit of 10/85 + (-370)/v?
1
What is the hundreds digit of (2 + 76)/((-20)/(-530))?
0
Let k be (-7)/(-28) + (-63)/12. Let q(z) = -7*z + 11. What is the tens digit of q(k)?
4
Suppose 4 = 3*n + 4*k + 26, -3*n = k + 28. Let a be (n/8)/(3/(-12)). Suppose a*p - 305 = -2*w, -p - 116 = -3*p - 2*w. What is the units digit of p?
3
Suppose -u + 0 = 3, -5*i + u = 12. Let j(w) = 2*w**3 + 3*w**2 - 4*w - 1. Let c be j(i). What is the tens digit of (45/(-12))/(6/c)?
1
Let h = -26 + 14. Let i = 23 + h. What is the units digit of i?
1
Let m be 2/(-4*4/1392*6). Let s be 1/1 + (-2 - -65). Let l = m + s. What is the tens digit of l?
3
Let p(m) be the first derivative of -m**3/3 + 4*m**2 - 1. Let s be p(8). Suppose s = q + 3*q - 36. What is the units digit of q?
9
Suppose 2*p + 4*f = 878, 37*p = 33*p + f + 1720. What is the units digit of p?
1
Suppose 3*n - 4*k - 6665 = 0, 1502 = 4*n + 5*k - 7333. What is the thousands digit of n?
2
Suppose -2*b - 1069 - 515 = 0. Let h = -556 - b. What is the tens digit of h?
3
What is the tens digit of (66 - 2)/(((-56)/(-52))/7)?
1
Suppose -4*c + 1190 = 3*c. Suppose 3*r = -4*q + c, -3*q + 5*r = -2*q - 31. What is the units digit of q?
1
Let u = 49 + -34. Suppose -137 = -2*y - u. What is the tens digit of y?
6
Let r = -50 - -201. Suppose 0 = -2*u + 3*u - r. What is the units digit of u?
1
Suppose -5*g = -2*v + 183, 327 = 5*v - 3*g - 178. What is the units digit of v?
4
Suppose -d - 5 = -5*l - 0*d, 0 = -4*l + d + 3. Let q(y) = 20*y - 4. What is the tens digit of q(l)?
3
Let d(c) = c**2 - 5*c + 7. Let i be d(6). Let a(b) = -b**3 + 8*b**2 + 2*b - 7. Let l be a(8). Let r = i - l. What is the units digit of r?
4
Let s be -3 - -4 - (-1 - 43). Suppose 299 = 2*c + s. Suppose -41 = -4*f + c. What is the tens digit of f?
4
Let z = 1815 + -1267. What is the hundreds digit of z?
5
Let a = -13 + 11. Let s be (-1)/a + 8/(-16). Let x = s + 18. What is the tens digit of x?
1
Suppose -5*o + j - 4 = -12, 4*j = -4*o - 8. Let i(x) = 58*x - 1. Let n be i(o). Let r = n - 31. What is the tens digit of r?
2
Let p be (-16)/(-72) + 1479/27. What is the tens digit of (33/p)/((-3)/(-105) - 0)?
2
Let y = -11 + 8. What is the tens digit of (-2)/(-12)*y*-62?
3
Suppose -312 = 2*v + 2*v. Let y = -143 - v. Let x = -39 - y. What is the tens digit of x?
2
Let c(p) = p + 4. Let s be c(5). Let f(q) = q**2 + q - 5. Let l be f(s). Suppose -4*w + l = 21. What is the tens digit of w?
1
Let j(t) = -231*t + 1. Let c be j(-1). Suppose 5*w - 240 = 2*s - 707, s - 3*w - c = 0. What is the units digit of s?
1
Let s be 6*9/24*32. Suppose 0 = h + 3 - s. Suppose 31 = 5*k - 2*g - h, -2*k + g = -40. What is the tens digit of k?
2
Let a = 46 - 41. Suppose -5*r - a*f + 395 = 0, 2*f + 96 = r + 14. What is the tens digit of r?
8
Let w = -109 + 154. Let p = 55 - w. What is the tens digit of p?
1
Suppose -b = -0*b - 16. Let y = -973 - -976. What is the tens digit of y - b/(4 + -6)?
1
Suppose 0 = 297*c - 343*c + 234876. What is the tens digit of c?
0
Suppose -2*o = -5*s - 0*o + 25, -3*s + 15 = -4*o. Suppose 3*q + 2*i - 190 = 0, 2*i = 3*q + s*i - 189. What is the tens digit of q/4 + 0 + -3?
1
Suppose 5*y + 16 = 9*y. Suppose g - y*g + 435 = 5*t, 0 = -t - 4*g + 104. What is the units digit of t?
4
Suppose -20 = 3*c - o, 4*c = -c - 4*o - 39. Let m be (-12)/(-2) - (c + 9). Suppose m*w - 261 = -85. What is the tens digit of w?
4
Let i(s) = s**2 - 2*s + 6. Let t be i(0). Let r be (5 - -1)*t/(-2). Let p = 49 + r. What is the tens digit of p?
3
Let m(a) = -4*a + 5. Let r be m(-1). Suppose -i - 128 = -r*i. What is the tens digit of i?
1
Let s(w) be the second derivative of 5*w**3/3 - 10*w**2 - 10*w. What is the tens digit of s(9)?
7
Let j(s) = 5*s**2 - 4*s - 5. What is the tens digit of j(6)?
5
Suppose -206 = -h - 5*l, -l + 3*l = 4*h - 736. Let a = h + 145. What is the units digit of a?
1
Let o(g) = -3 + g**3 - 11*g - 2*g**2 + 7*g + 4 + 3. Let n be o(4). Let z = n + -2. What is the units digit of z?
8
Suppose -6*k = -11*k. Suppose 2*p = -k*p. What is the units digit of 231/7 - p/(-1)?
3
Let c(y) = -12*y + 70*y + 32*y. What is the units digit of c(1)?
0
Let x(w) = 27*w**2 - w - 9. What is the hundreds digit of x(4)?
4
Let i(f) = -f**2 - 44*f - 37. What is the tens digit of i(-34)?
0
Suppose 3498 = f - 3*k, -17*k = -5*f - 14*k + 17526. What is the units digit of f?
7
Suppose 0 = 3*h + 3*x - 1350, 6*h - 3*h = 2*x + 1325. What is the hundreds digit of h?
4
Let a = 3 - 2. Suppose -1 = -3*c - 16. What is the units digit of (-85)/c*2/a?
4
Let j(n) = 11 + n + 0*n + 0*n. Let x be j(-9). Suppose 4*l = -x*y - 2*y, -15 = 3*l. What is the units digit of y?
5
Let p = -1798 + 5024. What is the hundreds digit of p?
2
Let q(n) = 5*n**2 + 5*n + 11. Let p(s) = -9*s**2 - 9*s - 23. Let z(g) = -4*p(g) - 7*q(g). What is the units digit of z(6)?
7
Suppose 2*v - 2508 = -2*z, -8*v - 1256 = -9*v - 3*z. What is the units digit of v?
3
Suppose -1 + 5 = 4*s. Let c(b) = -3*b**2 - b**2 - 1 + 16*b**2 + 17*b**2. What is the units digit of c(s)?
8
Let s(t) = -36*t - 42. Let b be s(-6). Suppose -27*z + 26*z + b = 0. What is the tens digit of z?
7
Let o(t) = 55*t**2 - 8*t - 64. What is the units digit of o(7)?
5
Suppose 2*d - 7 = 1. Suppose d*m - 9 = m. Suppose -m*w - 4*b + 52 = 0, 3*w = -5*b + 49 + 4. What is the units digit of w?
6
Suppose 0 = 7*q + 32 + 52. What is the tens digit of ((-344)/(-6))/((-8)/q)?
8
Suppose -4*k = 3*v - 58 - 11, -4*v - 2*k + 102 = 0. Let x = 45 - v. Suppose -i = -x - 16. What is the tens digit of i?
3
Let i(q) = 41*q**2 - q - 1. Suppose -3*a - 8 = -17. Suppose a*p - 2 + 5 = 0. What is the units digit of i(p)?
1
Let c be 123/39 + (-4)/26. Suppose -2*l - c*b + 34 + 4 = 0, 0 = 5*l + 2*b - 84. What is the tens digit of (-2)/(((-1)/l)/1)?
3
Let t(g) = 2*g**2 + 8*g + 5. Let f be t(4). Let w = f + -32. What is the units digit of w?
7
Let r(b) = -5*b + 10. Let s(m) = 2*m - 3. Let q(z) = 3*r(z) + 8*s(z). Let n(d) = d**3 - 8*d + 3. Let t be n(2). What is the units digit of q(t)?
1
Let a be 6 + -3 + -254 + 0. Let o = -145 - a. Suppose o - 2 = 4*y. What is the units digit of y?
6
Let t(y) = y**2 + 16*y - 115. What is the tens digit of t(-34)?
9
Let g = 19 + -14. Suppose 2*l + m - 6 - 2 = 0, 0 = -3*l + 2*m + g. Suppose -11 = -v + 5*k, 5*v - 14 = l*k - 3. What is the units digit of v?
1
Suppose 0 = -3*m + 2*y + 861, 2*m + 858 = 5*m - y. What is the tens digit of m?
8
Let i(c) = c**3 + 9*c**2 + 6*c - 7. Let y be i(-8). Let v(r) = r - 7. Let o be v(y). Let u = 25 - o. What is the tens digit of u?
2
Let d(y) = 12 - 12 + 9*y. Let b be d(-2). What is the tens digit of (b/15)/((-4)/50)?
1
Suppose g = -5*m - 75, -4*m + 4*g - 11 = 49. Let w be (-6)/m - 54/(-15). Suppose -38 = -w*h - 10. What is the units digit of h?
7
Let q(u) = -u**2 + 3*u + 46. Let l be q(12). Let h = l - -176. What is the tens digit of h?
1
Let q = 1026 + -436. What is the hundreds digit of q?
5
Let v be -1 - (-95 - 4/2). Suppose 8*y - 2*y - v = 0. Let i = y - -39. What is the tens digit of i?
5
Let s(q) = 9*q**2 + 10*q - 3. What is the units digit of s(2)?
3
Let x be -2 - ((-1)/1 + -1). Let o be (x + 3 + -5)*3. What is the units digit of (-1022)/(-63) + o/27?
6
Suppose 3*r = -2*t + 30, 41 = 3*t - 3*r - 19. Let m = 108 - t. Wh